t is the remainder when 7537 is divided by 26?
23
Calculate the remainder when 23787 is divided by 7924.
15
What is the remainder when 147 is divided by 45?
12
What is the remainder when 184 is divided by 50?
34
Calculate the remainder when 2481 is divided by 36.
33
What is the remainder when 159 is divided by 70?
19
What is the remainder when 3373 is divided by 25?
23
Calculate the remainder when 278 is divided by 71.
65
Calculate the remainder when 214 is divided by 54.
52
Calculate the remainder when 65 is divided by 59.
6
What is the remainder when 2547 is divided by 232?
227
What is the remainder when 859 is divided by 120?
19
Calculate the remainder when 797 is divided by 25.
22
What is the remainder when 753 is divided by 21?
18
What is the remainder when 620 is divided by 196?
32
Calculate the remainder when 107 is divided by 33.
8
Calculate the remainder when 549 is divided by 52.
29
Calculate the remainder when 38037 is divided by 77.
76
What is the remainder when 4417 is divided by 65?
62
What is the remainder when 7826 is divided by 19?
17
Calculate the remainder when 180 is divided by 27.
18
What is the remainder when 578 is divided by 10?
8
What is the remainder when 1180 is divided by 21?
4
Calculate the remainder when 104 is divided by 21.
20
What is the remainder when 781 is divided by 2?
1
Calculate the remainder when 101 is divided by 8.
5
Calculate the remainder when 28 is divided by 19.
9
Calculate the remainder when 1575 is divided by 225.
0
Calculate the remainder when 91 is divided by 46.
45
Calculate the remainder when 512 is divided by 29.
19
What is the remainder when 664 is divided by 97?
82
Calculate the remainder when 609 is divided by 62.
51
What is the remainder when 39 is divided by 18?
3
What is the remainder when 1508 is divided by 301?
3
What is the remainder when 3265 is divided by 86?
83
Calculate the remainder when 7341 is divided by 105.
96
Calculate the remainder when 32 is divided by 11.
10
What is the remainder when 1897 is divided by 20?
17
What is the remainder when 111 is divided by 39?
33
What is the remainder when 341 is divided by 9?
8
What is the remainder when 2266 is divided by 2257?
9
What is the remainder when 2910 is divided by 112?
110
Calculate the remainder when 45 is divided by 13.
6
Calculate the remainder when 139 is divided by 15.
4
Calculate the remainder when 293 is divided by 122.
49
What is the remainder when 109 is divided by 23?
17
What is the remainder when 394 is divided by 22?
20
Calculate the remainder when 502 is divided by 8.
6
Calculate the remainder when 173 is divided by 46.
35
What is the remainder when 3887 is divided by 72?
71
Calculate the remainder when 7775 is divided by 24.
23
What is the remainder when 141 is divided by 28?
1
Calculate the remainder when 17108 is divided by 118.
116
Calculate the remainder when 1315 is divided by 403.
106
What is the remainder when 264 is divided by 213?
51
What is the remainder when 81357 is divided by 80?
77
What is the remainder when 5450 is divided by 54?
50
Calculate the remainder when 362 is divided by 93.
83
What is the remainder when 171 is divided by 17?
1
Calculate the remainder when 868 is divided by 418.
32
Calculate the remainder when 1736 is divided by 158.
156
Calculate the remainder when 41 is divided by 9.
5
What is the remainder when 11436 is divided by 38?
36
What is the remainder when 177 is divided by 9?
6
Calculate the remainder when 222 is divided by 71.
9
What is the remainder when 300 is divided by 107?
86
Calculate the remainder when 37 is divided by 30.
7
Calculate the remainder when 385 is divided by 79.
69
Calculate the remainder when 78 is divided by 24.
6
What is the remainder when 343 is divided by 12?
7
Calculate the remainder when 770 is divided by 74.
30
What is the remainder when 93 is divided by 35?
23
What is the remainder when 594 is divided by 35?
34
What is the remainder when 90 is divided by 23?
21
Calculate the remainder when 20 is divided by 2.
0
What is the remainder when 272 is divided by 7?
6
What is the remainder when 4894 is divided by 1631?
1
What is the remainder when 2969 is divided by 11?
10
Calculate the remainder when 1082 is divided by 195.
107
What is the remainder when 2407 is divided by 8?
7
What is the remainder when 658 is divided by 60?
58
What is the remainder when 152 is divided by 85?
67
Calculate the remainder when 74 is divided by 13.
9
Calculate the remainder when 37602 is divided by 34.
32
Calculate the remainder when 26 is divided by 7.
5
What is the remainder when 25368 is divided by 23?
22
What is the remainder when 247 is divided by 124?
123
What is the remainder when 1471 is divided by 43?
9
Calculate the remainder when 1764 is divided by 578.
30
What is the remainder when 141 is divided by 48?
45
Calculate the remainder when 282 is divided by 72.
66
What is the remainder when 24 is divided by 22?
2
Calculate the remainder when 2340 is divided by 148.
120
What is the remainder when 1966 is divided by 514?
424
What is the remainder when 130 is divided by 27?
22
Calculate the remainder when 5205 is divided by 24.
21
What is the remainder when 115 is divided by 26?
11
What is the remainder when 132 is divided by 43?
3
What is the remainder when 161 is divided by 33?
29
Calculate the remainder when 2421 is divided by 24.
21
Calculate the remainder when 6 is divided by 1.
0
Calculate the remainder when 994 is divided by 168.
154
Calculate the remainder when 222 is divided by 16.
14
What is the remainder when 1548 is divided by 381?
24
What is the remainder when 2105 is divided by 162?
161
What is the remainder when 2554 is divided by 850?
4
What is the remainder when 128 is divided by 22?
18
What is the remainder when 275 is divided by 106?
63
What is the remainder when 429 is divided by 131?
36
What is the remainder when 432 is divided by 143?
3
What is the remainder when 77 is divided by 39?
38
What is the remainder when 1294 is divided by 320?
14
What is the remainder when 1193 is divided by 397?
2
What is the remainder when 58 is divided by 26?
6
Calculate the remainder when 3724 is divided by 32.
12
What is the remainder when 144 is divided by 30?
24
What is the remainder when 937 is divided by 275?
112
Calculate the remainder when 129 is divided by 75.
54
What is the remainder when 700 is divided by 89?
77
What is the remainder when 425 is divided by 27?
20
Calculate the remainder when 287 is divided by 79.
50
What is the remainder when 2189 is divided by 273?
5
Calculate the remainder when 252 is divided by 64.
60
Calculate the remainder when 21 is divided by 10.
1
Calculate the remainder when 235 is divided by 34.
31
Calculate the remainder when 780 is divided by 393.
387
What is the remainder when 4632 is divided by 45?
42
What is the remainder when 1629 is divided by 34?
31
What is the remainder when 46 is divided by 26?
20
Calculate the remainder when 1032 is divided by 47.
45
Calculate the remainder when 86 is divided by 17.
1
What is the remainder when 229 is divided by 74?
7
Calculate the remainder when 102 is divided by 19.
7
Calculate the remainder when 217 is divided by 118.
99
Calculate the remainder when 352 is divided by 11.
0
What is the remainder when 733 is divided by 8?
5
What is the remainder when 1270 is divided by 91?
87
Calculate the remainder when 6783 is divided by 13.
10
What is the remainder when 1136 is divided by 305?
221
Calculate the remainder when 135 is divided by 34.
33
Calculate the remainder when 259 is divided by 58.
27
What is the remainder when 1524 is divided by 139?
134
Calculate the remainder when 57 is divided by 33.
24
What is the remainder when 432 is divided by 15?
12
Calculate the remainder when 477 is divided by 48.
45
What is the remainder when 89 is divided by 28?
5
What is the remainder when 9900 is divided by 254?
248
What is the remainder when 807 is divided by 74?
67
Calculate the remainder when 21 is divided by 11.
10
What is the remainder when 327 is divided by 55?
52
What is the remainder when 4617 is divided by 154?
151
What is the remainder when 1549 is divided by 59?
15
What is the remainder when 21886 is divided by 22?
18
What is the remainder when 56 is divided by 46?
10
Calculate the rem